50)?
140
Let u(q) = -3*q**2 - 54*q - 497. What is u(-13)?
-302
Let d(t) = 15984*t - 95892. What is d(6)?
12
Let k(i) = -i**3 + 58*i**2 + 317*i - 130. Give k(63).
-4
Let b(n) = -n**3 - 88*n**2 + 90*n + 87. Calculate b(-89).
-2
Let z(f) = -f**2 + 17*f - 58. Give z(8).
14
Let h(w) = -w**3 + 13*w**2 + 25*w - 34. Calculate h(15).
-109
Let n(u) = u**2 + 32*u - 363. Determine n(17).
470
Let j(n) = -n**3 - 8*n**2 - 58*n - 351. Determine j(-7).
6
Let m(x) = -x**2 + 40*x - 252. Give m(8).
4
Let u(k) = -k**2 - 11*k + 2056. Determine u(40).
16
Let l(o) = o**3 + 8*o**2 + 47*o + 399. Calculate l(-7).
119
Let p(i) = -9*i - 53. What is p(-10)?
37
Let l(x) = 971*x + 6796. Give l(-7).
-1
Let k(w) = -w**3 - 29*w**2 - 100*w - 8. Calculate k(-25).
-8
Let j(v) = v**2 - 99*v + 950. Determine j(90).
140
Let u(x) = 2*x**2 + 43*x + 141. What is u(-22)?
163
Let m(c) = -c**2 + 40*c + 358. Calculate m(46).
82
Let g(t) = -14*t**2 + 90*t + 416. Determine g(-6).
-628
Let g(b) = -3*b**2 - 100*b + 58. Give g(-34).
-10
Let p(a) = -36*a + 797. Give p(22).
5
Let x(r) = -10*r**2 + 204*r - 20. Calculate x(20).
60
Let k(i) = -7*i**2 - 63*i + 739. Give k(-16).
-45
Let z(i) = i**3 - 3*i**2 - 102*i - 85. Determine z(12).
-13
Let q(t) = -2*t**3 - 6*t**2 + 3*t - 8. Determine q(0).
-8
Let h(n) = -n**2 - 566*n - 63700. Give h(-155).
5
Let j(w) = -w**2 + 11*w + 966. Give j(-26).
4
Let l(r) = 31*r - 1424. What is l(49)?
95
Let y(j) = -j**3 - 10*j**2 - 10*j + 4. Calculate y(-9).
13
Let f(w) = w**3 - 41*w**2 + 42*w - 49. Determine f(40).
31
Let w(t) = -t**2 - 13*t + 19. Calculate w(8).
-149
Let s(u) = -2*u**2 - 60*u - 238. Calculate s(-23).
84
Let c(n) = -972*n + 3878. Give c(4).
-10
Let q(v) = v**3 - 15*v**2 - v + 25. Give q(8).
-431
Let g(t) = -59*t - 99. Calculate g(-2).
19
Let j(i) = 2*i**2 + 796*i - 6520. What is j(8)?
-24
Let i(y) = -151*y + 1195. Calculate i(8).
-13
Let c(d) = -2*d**2 + 150*d - 244. Determine c(73).
48
Let i(d) = -d**3 - 4*d**2 + 35*d + 78. What is i(-8)?
54
Let j(z) = 10*z**2 - 160*z. Calculate j(16).
0
Let h(k) = -30*k + 175. Calculate h(7).
-35
Let z(j) = -5*j**2 - 138*j - 359. Calculate z(-24).
73
Let m(v) = -v**2 - 83*v - 1263. What is m(-62)?
39
Let x(c) = -15*c**3 + 2*c**2 + 2*c + 3. Calculate x(-2).
127
Let y(w) = w**3 + 5*w**2 + 3*w - 11. Calculate y(-5).
-26
Let l(n) = -21*n + 436. Calculate l(20).
16
Let b(c) = 761*c + 22069. What is b(-29)?
0
Let t(h) = 16*h - 82. Give t(-5).
-162
Let l(x) = 56*x**3 - 8*x**2 - 8*x + 1. Give l(-1).
-55
Let y(r) = 2*r**3 + 14*r**2 + 28*r + 27. Determine y(-4).
11
Let k(t) = t - 11. Calculate k(20).
9
Let p(j) = -j**2 + 102*j - 1854. What is p(78)?
18
Let n(s) = s**2 - 228*s + 4942. Determine n(25).
-133
Let x(o) = o**2 + 35*o - 805. Give x(16).
11
Let a(i) = -2*i**2 + 22*i - 8. Calculate a(11).
-8
Let b(s) = -2*s**2 - 59*s + 13. Calculate b(-29).
42
Let k(u) = 14*u - 26. What is k(-7)?
-124
Let g(u) = u**2 + 33*u + 47. What is g(-29)?
-69
Let x(v) = -48*v - 1127. Determine x(-23).
-23
Let t(u) = -u**3 - 12*u**2 - 5*u - 56. Give t(-12).
4
Let g(r) = r**2 - 19*r - 162. Calculate g(0).
-162
Let l(n) = -195*n + 1566. Calculate l(8).
6
Let y(s) = -s**3 + 11*s**2 + 673*s - 42. What is y(32)?
-10
Let s(f) = -34*f + 384. Give s(16).
-160
Let m(o) = 6*o**2 - 66*o - 459. Determine m(-5).
21
Let i(x) = 2*x**3 + x**2 + 7*x - 2. Calculate i(-2).
-28
Let n(f) = f**3 + 11*f**2 - 150*f + 38. Calculate n(-19).
0
Let r(s) = -s**2 + 106*s - 2220. What is r(79)?
-87
Let s(n) = -148*n - 305. What is s(-2)?
-9
Let d(u) = 159*u + 17496. Give d(-110).
6
Let w(s) = s**3 - 2*s**2 - 212*s + 418. Give w(2).
-6
Let k(q) = -23*q - 430. Calculate k(-18).
-16
Let q(z) = -z**3 + 21*z**2 - 45*z - 9. Give q(18).
153
Let k(f) = 54*f - 1242. Determine k(23).
0
Let v(r) = -4*r + 16. Calculate v(6).
-8
Let g(s) = -s**3 + 27*s**2 - 231*s + 877. Determine g(16).
-3
Let c(m) = -m**2 - m + 11. Determine c(-2).
9
Let t(y) = -y**3 - 7*y**2 + 37*y - 8. Determine t(-10).
-78
Let z(x) = -x**3 - 13*x**2 - 8*x - 123. Calculate z(-8).
-379
Let h(i) = 26*i**2 - 417*i - 913. What is h(18)?
5
Let m(w) = -38*w**2 - 36*w + 15. Calculate m(2).
-209
Let j(t) = -7*t**2 + 227*t - 519. Calculate j(30).
-9
Let u(q) = 40*q - 472. What is u(13)?
48
Let l(n) = -21*n - 609. Give l(-34).
105
Let w(i) = -85*i + 2563. Give w(30).
13
Let i(n) = -559*n - 10065. Determine i(-18).
-3
Let w(z) = -z**2 + 17*z - 77. Give w(7).
-7
Let w(s) = -s**3 - 9*s**2 + 30*s + 295. Give w(-8).
-9
Let r(l) = l**2 - 44*l - 1294. Give r(-20).
-14
Let o(h) = -h**2 + 30*h + 409. What is o(-10)?
9
Let i(v) = -v**3 + 101*v**2 + 328*v - 1609. Determine i(104).
55
Let k(z) = -z**2 + 327*z + 665. Determine k(-2).
7
Let a(r) = 2571*r - 12860. Determine a(5).
-5
Let t(b) = 15*b + 861. What is t(-61)?
-54
Let x(y) = y**3 + 101*y**2 + 29. Calculate x(-101).
29
Let r(g) = 5*g**3 + 26*g**2 - 5*g - 55. Calculate r(-5).
-5
Let w(n) = n**2 - 5*n - 4. Calculate w(11).
62
Let w(m) = -1007*m - 22157. What is w(-22)?
-3
Let r(g) = 244*g - 18309. What is r(75)?
-9
Let a(o) = -o**2 - 56*o - 309. Determine a(-6).
-9
Let x(d) = -37*d - 22. Determine x(-2).
52
Let m(b) = b**2 - 145*b + 2623. Calculate m(124).
19
Let w(g) = 3*g**3 - 19*g**2 - 72*g + 6. Determine w(-5).
-484
Let j(q) = q**3 + 39*q**2 - 2*q - 65. Calculate j(-39).
13
Let c(j) = -j**3 + 24*j**2 - 141*j - 4. Calculate c(11).
18
Let d(j) = j**2 + 79*j + 1416. Calculate d(-27).
12
Let t(g) = -g**3 + g**2 + 272*g - 39. What is t(17)?
-39
Let j(w) = -4*w**2 + 29*w + 198. What is j(-5)?
-47
Let w(j) = -j**3 - 71*j**2 + 150*j + 372. Give w(-73).
80
Let n(r) = -r**2 - 18*r + 47. Give n(-24).
-97
Let z(n) = 54*n**3 + 2*n**2 - 23*n - 23. Give z(-1).
-52
Let z(u) = -4*u**3 + 49*u**2 - 52*u + 487. Determine z(12).
7
Let u(t) = -5*t**2 + 57*t - 179. Calculate u(5).
-19
Let o(c) = 24*c**2 + c - 2. What is o(-2)?
92
Let a(b) = b**2 + 69*b - 8311. What is a(63)?
5
Let w(o) = -713*o + 7057. Calculate w(10).
-73
Let a(n) = n**3 + 7*n**2 + 65*n + 449. Give a(-7).
-6
Let n(w) = -w**2 - 33*w - 119. Calculate n(-16).
153
Let t(q) = 10*q**2 - 4*q - 5. Give t(-2).
43
Let a(n) = -70*n + 235. Give a(4).
-45
Let s(d) = -1025*d - 2038. What is s(-2)?
12
Let d(v) = v**3 - 6*v**2 - 29*v + 98. Give d(6).
-76
Let v(w) = w**3 - 333*w**2 + 1321*w - 18. Calculate v(4).
2
Let v(g) = g**2 + 207*g + 1584. Calculate v(-8).
-8
Let s(z) = -456*z - 62. Calculate s(-1).
394
Let z(g) = -103*g - 412. Determine z(-9).
515
Let a(d) = -d + 117. Determine a(25).
92
Let w(a) = -54*a**2 + 483*a + 34. Calculate w(9).
7
Let c(b) = -6*b**2 - 122*b - 633. What is c(-12)?
-33
Let l(f) = -32*f + 1008. Give l(32).
-16
Let b(g) = 14*g**3 - g**2 - 8*g + 85. Determine b(4).
933
Let v(i) = 78*i**2 - 1091*i - 24. Calculate v(14).
-10
Let u(v) = 218*v**3 + 2*v**2 - 1. Calculate u(1).
219
Let l(p) = -53*p + 3933. Give l(74).
11
Let q(j) = j**3 - 16*j**2 + 9*j + 99. What is q(14)?
-167
Let d(v) = 289*v + 14154. Determine d(-49).
-7
Let m(g) = 29*g + 264. Give m(-8).
32
Let b(n) = 4*n**2 - 52*n - 117. Determine b(-2).
3
Let s(k) = -2*k**2 - 301*k - 2008. Determine s(-7).
1
Let s(x) = 70*x + 556. Calculate s(-8).
-4
Let f(d) = -87*d + 1735. Determine f(20).
-5
Let m(l) = 25*l + 53. What is m(-9)?
-172
Let w(b) = b**2 - 95*b - 307. Give w(98).
-13
Let q(b) = 77*b**2 - 413*b + 145. Determine q(5).
5
Let p(o) = 2068*o - 90994. Give p(44).
-2
Let a(o) = 2*o**3 - 36*o**2 + 76*o. What is a(2)?
24
Let p(t) = -t**3 - t**2 + 72*t + 10. Give p(8).
10
Let p(w) = -8*w**2 - 17*w - 65. Determine p(-7).
-338
Let i(x) = 809*x - 28272. Calculate i(35).
43
Let x(p) = 6*p**3 + 17*p**2 - 14*p - 20. Determine x(-3).
13
Let r(g) = -23*g**3 - 1496*g**2 - 63*g + 114. Give r(-65).
-16
Let u(g) = -159*g**2 + 43*g - 39. What is u(1)?
-155
Let i(t) = 79*t - 297. What is i(2)?
-139
Let b(v) = 23*v**3 + 9*v**2 - 13*v + 4. What is b(0)?
4
Let x(j) = -6*j**2 + 33*j + 138. What is x(-4)?
-90
Let g(t) = t**2 - 24*t + 137. Calculate g(23).
114
Let a(u) = -8*u**2 - 138*u - 38. Calculate a(-17).
-4
Let r(c) = -2*c**3 - 4*c**2 + 117*c + 30. Determine r(7).
-33
Let u(i) = 4*i**2 + 24*i - 11. What is u(-8)?
53
Let b(w) = 2*w**3 + 15*w**2 - 27*w - 55. Determine b(-9).
-55
Let p(c) = -c**2 - 382*c + 3524. What is p(9)?
5
Let l(w) = -2*w**2 - 747*w + 2256. What is l(3)?
-3
Let d(i) 